10?
2, 5, 191
List the prime factors of 67.
67
What are the prime factors of 2700?
2, 3, 5
What are the prime factors of 921?
3, 307
List the prime factors of 946.
2, 11, 43
List the prime factors of 6901.
67, 103
List the prime factors of 21956.
2, 11, 499
What are the prime factors of 35479?
17, 2087
List the prime factors of 4219.
4219
What are the prime factors of 8188?
2, 23, 89
List the prime factors of 2267.
2267
What are the prime factors of 82953?
3, 13, 709
List the prime factors of 41743.
13, 19
What are the prime factors of 1882?
2, 941
What are the prime factors of 36529?
36529
List the prime factors of 425.
5, 17
What are the prime factors of 2019?
3, 673
What are the prime factors of 50915?
5, 17, 599
List the prime factors of 1706.
2, 853
What are the prime factors of 7075?
5, 283
What are the prime factors of 33440?
2, 5, 11, 19
What are the prime factors of 35363?
35363
What are the prime factors of 3378?
2, 3, 563
What are the prime factors of 4080?
2, 3, 5, 17
What are the prime factors of 25215?
3, 5, 41
What are the prime factors of 6442?
2, 3221
What are the prime factors of 6094?
2, 11, 277
What are the prime factors of 719?
719
What are the prime factors of 19305?
3, 5, 11, 13
What are the prime factors of 782?
2, 17, 23
What are the prime factors of 98245?
5, 7, 401
What are the prime factors of 5210?
2, 5, 521
What are the prime factors of 894?
2, 3, 149
What are the prime factors of 14858?
2, 17, 19, 23
List the prime factors of 16894.
2, 8447
List the prime factors of 2041.
13, 157
What are the prime factors of 14383?
19, 757
What are the prime factors of 5519?
5519
What are the prime factors of 19389?
3, 23, 281
What are the prime factors of 210?
2, 3, 5, 7
What are the prime factors of 425?
5, 17
List the prime factors of 7728.
2, 3, 7, 23
List the prime factors of 9683.
23, 421
List the prime factors of 538.
2, 269
List the prime factors of 155466.
2, 3, 2879
List the prime factors of 23401.
7, 3343
What are the prime factors of 79391?
13, 31, 197
What are the prime factors of 139677?
3, 46559
What are the prime factors of 644?
2, 7, 23
List the prime factors of 86577.
3, 28859
List the prime factors of 488.
2, 61
List the prime factors of 8605.
5, 1721
List the prime factors of 1338.
2, 3, 223
List the prime factors of 8257.
23, 359
List the prime factors of 28644.
2, 3, 7, 11, 31
What are the prime factors of 5080?
2, 5, 127
What are the prime factors of 46571?
7, 6653
List the prime factors of 1035.
3, 5, 23
What are the prime factors of 363?
3, 11
List the prime factors of 4960.
2, 5, 31
What are the prime factors of 24?
2, 3
List the prime factors of 1015.
5, 7, 29
What are the prime factors of 44438?
2, 17, 1307
List the prime factors of 1886.
2, 23, 41
What are the prime factors of 16551?
3, 613
List the prime factors of 670.
2, 5, 67
What are the prime factors of 2097?
3, 233
List the prime factors of 505.
5, 101
What are the prime factors of 7239?
3, 19, 127
What are the prime factors of 2387?
7, 11, 31
List the prime factors of 19615.
5, 3923
List the prime factors of 1926.
2, 3, 107
What are the prime factors of 3727?
3727
What are the prime factors of 13207?
47, 281
What are the prime factors of 36897?
3, 7, 251
What are the prime factors of 126014?
2, 7, 9001
What are the prime factors of 2553?
3, 23, 37
List the prime factors of 49493.
43, 1151
What are the prime factors of 27?
3
List the prime factors of 1783.
1783
List the prime factors of 651.
3, 7, 31
What are the prime factors of 54072?
2, 3, 751
List the prime factors of 31835.
5, 6367
List the prime factors of 2545.
5, 509
What are the prime factors of 398?
2, 199
What are the prime factors of 3467?
3467
What are the prime factors of 1751?
17, 103
List the prime factors of 4216.
2, 17, 31
List the prime factors of 16662.
2, 3, 2777
List the prime factors of 31165.
5, 23, 271
List the prime factors of 979.
11, 89
What are the prime factors of 924?
2, 3, 7, 11
List the prime factors of 7445.
5, 1489
What are the prime factors of 13150?
2, 5, 263
What are the prime factors of 2673?
3, 11
List the prime factors of 2671.
2671
What are the prime factors of 1568?
2, 7
List the prime factors of 3832.
2, 479
List the prime factors of 27845.
5, 5569
List the prime factors of 916.
2, 229
List the prime factors of 11315.
5, 31, 73
List the prime factors of 7855.
5, 1571
What are the prime factors of 2851?
2851
List the prime factors of 913.
11, 83
What are the prime factors of 719?
719
List the prime factors of 14879.
14879
List the prime factors of 7861.
7, 1123
What are the prime factors of 2059?
29, 71
What are the prime factors of 162?
2, 3
What are the prime factors of 36778?
2, 7, 37, 71
List the prime factors of 14447.
14447
List the prime factors of 1966.
2, 983
What are the prime factors of 51659?
51659
What are the prime factors of 19487?
13, 1499
List the prime factors of 1763.
41, 43
List the prime factors of 329.
7, 47
List the prime factors of 5933.
17, 349
What are the prime factors of 4337?
4337
What are the prime factors of 19962?
2, 3, 1109
What are the prime factors of 7125?
3, 5, 19
List the prime factors of 165882.
2, 3, 27647
List the prime factors of 3156.
2, 3, 263
List the prime factors of 1920.
2, 3, 5
What are the prime factors of 1536?
2, 3
What are the prime factors of 751?
751
List the prime factors of 57104.
2, 43, 83
What are the prime factors of 9427?
11, 857
List the prime factors of 2970.
2, 3, 5, 11
List the prime factors of 323.
17, 19
What are the prime factors of 11106?
2, 3, 617
What are the prime factors of 25000?
2, 5
List the prime factors of 40586.
2, 7, 13, 223
What are the prime factors of 1081?
23, 47
List the prime factors of 1447.
1447
What are the prime factors of 15152?
2, 947
List the prime factors of 1226.
2, 613
List the prime factors of 7281.
3, 809
List the prime factors of 2868.
2, 3, 239
What are the prime factors of 1268?
2, 317
List the prime factors of 7567.
7, 23, 47
What are the prime factors of 289?
17
What are the prime factors of 15420?
2, 3, 5, 257
List the prime factors of 38934.
2, 3, 7, 103
List the prime factors of 2269.
2269
List the prime factors of 1041.
3, 347
List the prime factors of 16357.
11, 1487
List the prime factors of 2027.
2027
What are the prime factors of 8267?
7, 1181
List the prime factors of 5091.
3, 1697
List the prime factors of 3132.
2, 3, 29
List the prime factors of 2042.
2, 1021
What are the prime factors of 54424?
2, 6803
What are the prime factors of 66980?
2, 5, 17, 197
List the prime factors of 1205.
5, 241
What are the prime factors of 10212?
2, 3, 23, 37
List the prime factors of 44031.
3, 13, 1129
List the prime factors of 3006.
2, 3, 167
What are the prime factors of 414?
2, 3, 23
What are the prime factors of 116?
2, 29
What are the prime factors of 2893?
11, 263
List the prime factors of 1487.
1487
List the prime factors of 387.
3, 43
List the prime factors of 428.
2, 107
List the prime factors of 719.
719
What are the prime factors of 5499?
3, 13, 47
What are the prime factors of 458?
2, 229
What are the prime factors of 3570?
2, 3, 5, 7, 17
List the prime factors of 88605.
3, 5, 11, 179
List the prime factors of 11065.
5, 2213
List the prime factors of 546.
2, 3, 7, 13
List the prime factors of 4069.
13, 313
What are the prime factors of 413?
7, 59
List the prime factors of 99108.
2, 3, 2753
List the prime factors of 3157.
7, 11, 41
What are the prime factors of 20095?
5, 4019
List the prime factors of 19303.
97, 199
What are the prime factors of 55847?
11, 5077
List the prime factors of 2767.
2767
List the prime factors of 693.
3, 7, 11
What are the prime factors of 15370?
2, 5, 29, 53
What are the prime factors of 52867?
29, 1823
What are the prime factors of 29171?
31, 941
What are the prime factors of 23408?
2, 7, 11, 19
List the prime factors of 315.
3, 5, 7
List the prime factors of 22764.
2, 3, 7, 271
What are the prime factors of 1993?
1993
What are the prime factors of 5328?
2, 3, 37
List the prime factors of 16301.
16301
List the prime factors of 790.
2, 5, 79
List the prime factors of 270.
2, 3, 5
List the prime factors of 167813.
41, 4093
What are the prime factors of 9419?
9419
What are the prime factors of 411?
3, 137
What are t